. Let w be 5/f*(-1 - -1). Suppose 2*v - 9*v + 14 = w. What is the units digit of v?
2
What is the hundreds digit of -15 - (-272384)/(-4 - -18)?
4
Let d = 107 + -102. Suppose 5*x - 6*x + 3*o - d = 0, 3*o - 6 = 0. What is the units digit of (-7)/(((-3)/(-162))/(x/(-2)))?
9
What is the thousands digit of (-4 - (-42)/8) + 359289/252?
1
Suppose 23 = -6*s + 71. Suppose -914 = s*f - 3090. What is the units digit of f?
2
Let h = 2 + -8. Let q be h/4*32/(-24). Suppose -o - q = -2*o, -a + 4*o = -101. What is the tens digit of a?
0
Let h = -394 - -374. Let j(k) = k**2 + 17*k + 60. What is the hundreds digit of j(h)?
1
Suppose -630 = 2*o - 7*o. Suppose -5*x - 192 = -m + o, 5*m + x - 1460 = 0. What is the units digit of m?
3
Suppose 4*v + l - 37889 + 13016 = 0, 0 = -5*v + 2*l + 31101. What is the thousands digit of v?
6
Let h(z) = 2*z**2 - 56*z + 68. Let j be h(28). Suppose 10 = 5*g, -f = -g - 4*g - j. What is the units digit of f?
8
Let t be 4/18*(17 + -8). What is the hundreds digit of t/(-8) - (5 + 5945/(-20))?
2
Suppose 3*y - 31919 = -4*c, 2*y - 41*c + 45*c - 21270 = 0. What is the tens digit of y?
4
Let k = -18446 - -33872. What is the units digit of k?
6
Suppose -6*j - 6726424 = -74*j - 68*j. What is the ten thousands digit of j?
4
Suppose 3343 = 2*a + 5*c - 2727, -2*c = 5*a - 15175. What is the hundreds digit of a?
0
Let g = -6911 + 4404. Let n = g + 3722. What is the tens digit of n?
1
Let k(h) = 25 - 10 + 0*h**2 + h**2 - h**2 + 18*h + h**2. What is the units digit of k(-20)?
5
Suppose 0 = -s + 4*y + 5518, -4*s - 2*y - 5911 + 27929 = 0. What is the tens digit of s?
0
Let j(d) = d**3 + 23*d**2 + 75*d - 17. Let n be j(-19). Suppose h + 189 = -n*l + 624, 8 = 4*l. What is the units digit of h?
1
Suppose 24452 = 3*o + 2*a, -5*o = -5*a - 5277 - 35468. What is the hundreds digit of o?
1
Let n be (-2 + 1 + -1)*-1. Suppose -319 = -n*r + 2303. Suppose -16*a + 1617 + r = 0. What is the units digit of a?
3
Let k = 7594 - 3750. What is the hundreds digit of k?
8
What is the ten thousands digit of (267/(-534))/(1/(-95870))?
4
Let r = -37 - -41. Suppose -5*z + 691 = 4*x, r*x - 3*z - 351 = 2*x. Suppose 0 = 9*b + 48 - x. What is the units digit of b?
4
What is the hundreds digit of 2948 + (-7 - -14 - 9)*(2 + -3)?
9
Let k(m) = m**2. Let g(q) = -6*q - 17. Let a(b) = -g(b) - k(b). Let o be a(7). Suppose -4*l + o = -42. What is the tens digit of l?
1
Let s(p) = 415*p - 200. What is the units digit of s(12)?
0
Let r(f) = 181*f - 12. Let l be r(1). Let z = l + 226. What is the units digit of z?
5
Suppose -21858 + 34527 = -13*s + 93867. What is the tens digit of s?
4
Let c = -5171 + 14901. What is the units digit of c?
0
Let c be 10*4/60*3. Let a be 15 + (-3 + c - -1). Suppose -4*d = -91 + a. What is the tens digit of d?
1
What is the thousands digit of 44967/9 + 0 - ((-100)/30)/(-10)?
4
What is the ten thousands digit of 15598 - (-25 + 15 + -5)?
1
Suppose -3*x + 5 = -2*s, -5 + 2 = -2*x + s. Let p be x*-2*(3 + 33/(-6)). Suppose 0 = p*g - 871 + 146. What is the units digit of g?
5
Let r = -39 - -41. Let q(p) = -5*p**2 - 9*p - 3*p**3 + 2 - p**r - 4. What is the tens digit of q(-5)?
6
Let o(m) be the third derivative of -55*m**4/6 - 5*m**3/3 + 67*m**2. What is the units digit of o(-1)?
0
Let o(h) = 7*h**2 + 52*h + 1761. What is the thousands digit of o(-88)?
1
Let y(f) be the second derivative of -f**5/20 + f**4/12 + f**3/6 - 8*f. Let v be y(-1). What is the tens digit of (-12 + v)/((-15)/30)?
2
Suppose -2*b + 6*y - y = 44, -4*b + y = 88. Let p = 26 + b. Suppose -20 = -p*f, 4*o - 36 = f + 211. What is the tens digit of o?
6
Let w be 27/18*(416 + 2). Let d = w - -210. What is the tens digit of d?
3
Suppose 0 = -2*v + 247 - 51. Suppose -5*l = -0*l + 3*i - 263, -2*l = 3*i - v. Suppose 0 = -r + l + 59. What is the units digit of r?
4
Suppose 0 = -5*f + 3*q + 5212, -10*f - 2*q = -7*f - 3131. Let z = f - 499. What is the hundreds digit of z?
5
Let j be 570/110 + (-4)/22. Suppose -5*o + 1663 = 8*p - 4*p, 685 = 2*o - j*p. What is the units digit of o?
5
Suppose 45*h - 57*h - 2304 = 0. What is the units digit of 48/h + 2594/8?
4
Let l(q) = 85*q + 1938. What is the hundreds digit of l(20)?
6
Let o(y) = 31*y**2 + 3*y - 12. Suppose 27 - 30 = -m. Let j be o(m). Suppose 0 = -2*w + j - 22. What is the hundreds digit of w?
1
Let a = -290 + 297. Suppose -2*k + 3*n = -1763, a*k + 4*n = 2*k + 4396. What is the tens digit of k?
8
Suppose 265 = 2*n + 5*g, 3*g = 3*n + 4*g - 391. Let w = 177 - n. What is the units digit of w?
7
Suppose -5*m + 32453 = -8*b, 52*m - 26000 = 48*m - 3*b. What is the units digit of m?
7
Let c(b) = -72*b**3 - 2*b**2 + 4. Let g be c(-2). What is the tens digit of g - (-8 + (-4)/(-2))?
7
Suppose 0 = 10*m - 9*m + 9. Let n(y) = 9*y**2 - 3*y - 8*y + y**3 - 4 + 4. What is the tens digit of n(m)?
9
What is the tens digit of -9 + 88897 + 22 + -28?
8
What is the units digit of -35*(-2)/7 + 1*982?
2
Suppose -4*a + 23 + 9 = 0. Suppose 13*f = -2*f + 90. Suppose -a*r + 200 = -f*r. What is the units digit of r?
0
Suppose -48298 = -300*w + 281*w. Suppose -982 = -n + 4*h, -h = -3*n + w + 415. What is the hundreds digit of n?
9
Let s be 1 - (-9)/(-8) - 13916/(-2272). Let q(j) be the first derivative of -j**4/4 + 4*j**3 - 7*j**2/2 - j - 1. What is the hundreds digit of q(s)?
1
Suppose -46267 = 13*w - 145782. What is the thousands digit of w?
7
Suppose 11*q + 66119 - 26640 - 311685 = 0. What is the thousands digit of q?
4
Let v = -54048 - -81157. What is the ten thousands digit of v?
2
Let q(t) = 3*t**2 + 11*t + 12. Let i be q(-2). Suppose l = -2*f + 57, 5*f - 151 = i*l - 31. What is the units digit of f?
6
Suppose -7 - 13 = -5*m. Let v(q) = 4*q**2 - 18*q + 37. Let k be v(13). Suppose -5 = s + x - 123, -m*s + k = -3*x. What is the hundreds digit of s?
1
Let v(a) be the second derivative of -a**5/10 - a**4/2 - 41*a**3/6 + 25*a**2/2 + 159*a. What is the units digit of v(-7)?
4
Suppose -56*c - 540455 = -75*c. What is the ten thousands digit of c?
2
Let v = -681 + 688. Suppose 3*h + 9 = 0, 4711 = -2*t + v*t + 3*h. What is the tens digit of t?
4
Suppose -2*z = 5*l - 6254, 3*l = -4*z + 5*l + 12460. What is the hundreds digit of z?
1
Suppose 4*r - 31262 = -2*i, r + 31252 = 81*i - 79*i. What is the thousands digit of i?
5
Let u be (-20)/((-57)/(-21) - 3). Suppose -944 = -3*k + u. Let d = k - 153. What is the hundreds digit of d?
1
What is the thousands digit of 6957 + 29/(58/(-28))?
6
Let w(f) = f - 31. Let y be w(33). Let x(l) = 108*l**3 + 11*l**2 - 6*l + 1. What is the tens digit of x(y)?
9
Suppose -j = 11*j - 7624 - 3080. What is the tens digit of j?
9
Let d(r) = -31 - 59*r + r**2 - 8 - 58*r + 97*r. What is the hundreds digit of d(-11)?
3
Let l = 10158 - 7935. What is the units digit of l?
3
Let q(a) = 3. Let w(v) = 1. Let x(j) = q(j) - 4*w(j). Let r(z) = 120*z - 2. Let h(g) = -r(g) - 2*x(g). What is the hundreds digit of h(-2)?
2
Let n be 5*81*6/90. Suppose 13*z + 17668 = n*z. What is the units digit of z?
2
Suppose 3*y = 3*c + 138, 2 = 2*y + c - 81. Let w = y + -38. Suppose -4*n = 12, 2*n = -0*h + w*h - 726. What is the units digit of h?
4
Suppose -4*n + 4*f = f - 3, -4*n - 5*f = 5. Suppose n = -18*x + 23*x - 90. What is the units digit of x?
8
Let z = 54 - 23. Let r = z + -27. Suppose -4*w + 8 = 0, -4*w + w = r*c - 106. What is the units digit of c?
5
Let k(j) = -24*j + 13. Let v(m) = -24*m + 12. Let c(d) = -5*k(d) + 4*v(d). Let r be c(6). Let q = r + -23. What is the units digit of q?
4
Let n(r) = 8*r**2 + 5*r + 24. Suppose -5*x - 14 = -7*x. Let o(y) = 7*y**2 + 5*y + 24. Let k(g) = x*o(g) - 6*n(g). What is the tens digit of k(-14)?
5
Let x = 295 + -290. Suppose 2*w - 4*w + 5*p = -1229, 3*p + 3120 = x*w. What is the hundreds digit of w?
6
Let i(u) = 47*u + 6079. What is the tens digit of i(0)?
7
Suppose -17*p = 19*p - 11*p - 277325. What is the units digit of p?
3
Let q = -5539 - 6835. Let n be q/(-13) + (-8)/(-52). Suppose 0 = -45*g + 37*g + n. What is the hundreds digit of g?
1
Let c(q) = q**3 + 16*q**2 + 19*q + 62. Let m be c(-15). Suppose -20 + 30 = m*b. What is the units digit of b?
5
Suppose 5*f + 5*h - 35200 = -1790, 0 = 5*f - h - 33392. What is the thousands digit of f?
6
Suppose 0 = 35*r - 40*r + 20. Suppose -5*p = -3*p - r*w - 492, 249 = p - 5*w. What is the tens digit of p?
4